- 674/6. Let y = 284 + s. What is the hundreds digit of y?
1
What is the hundreds digit of ((-22)/33)/(111656/1061454 - 18/171)?
3
Suppose -4*q - 3*c + 6*c = -5, -2*q - 2*c + 6 = 0. Suppose 0 = -q*t + 8 - 2. Suppose 3*k + o - 219 = 6*o, t*k - 240 = -2*o. What is the units digit of k?
8
Let k = -14 + -10. Suppose 2*q - 18 = -3*o, -4*o + 0*o + q + 13 = 0. What is the units digit of k/((16/(-4))/o)?
4
Let n = -616 - -523. Let w = n + 863. What is the hundreds digit of w?
7
Suppose -6*r = -4*r + 38. Let o = -10 - r. What is the units digit of o?
9
Let q(w) = 8*w + 143. Let y be q(-10). Suppose -y*i = -68*i + 2555. What is the units digit of i?
1
Let l = 42 + 771. Let f = l - 155. What is the units digit of f?
8
Let i(x) = 16099*x**2 + 16*x + 8. What is the hundreds digit of i(-1)?
0
Let j(b) = 2*b**2 - 142*b + 1817. What is the hundreds digit of j(191)?
6
Let s = 209 + -103. Let q = s - 106. Let c(f) = -2*f**3 + 2*f + 42. What is the units digit of c(q)?
2
Let o = 18 + -18. Let n be o - 1/(-1 + 0). What is the units digit of (n + -2)*(9 - 58)?
9
Let f(x) be the first derivative of -x**4/4 + 5*x**3/3 - 3*x**2 - x + 18. What is the units digit of f(-5)?
9
What is the tens digit of (66/(-4))/(192/(-138368))?
9
Suppose -40*a = -197*a + 77*a + 4651280. What is the ten thousands digit of a?
5
Suppose 7860 - 1710 = 3*r - 3*g, -3*r + 4*g + 6148 = 0. What is the units digit of r?
2
Let a(i) = 60*i - 45*i - 18 + 59*i. Let s be a(-5). Let u = -132 - s. What is the units digit of u?
6
Let z(u) = u**3 - 2*u**2 + u + 1412. Let g be z(0). Let i = -721 + g. What is the hundreds digit of i?
6
Let s(v) = -v**3 + 2*v**2 - 589. Let b be s(0). Let j = b + 2154. What is the units digit of j?
5
Let f = -397 - -723. Let x = f - 205. Suppose -4*v = -x + 9. What is the tens digit of v?
2
Suppose 3560 = -104*n + 114*n. Let r = 497 - n. What is the units digit of r?
1
Suppose -5 = -2*r + 9. Suppose -695 = r*k - 3775. Suppose 4*y - k - 347 = p, 2*y + 5*p - 399 = 0. What is the units digit of y?
7
Let g = 88 - 86. Let y(p) = 51*p**3 - p**2 - 2*p - 3. Let x be y(g). Suppose 6*m = 203 + x. What is the hundreds digit of m?
1
Suppose 364*j = 4426873 + 6026115. What is the thousands digit of j?
8
Let m be 8/(-6) - (-40)/(-24) - -10520. Suppose -14*x - 1193 = -m. What is the hundreds digit of x?
6
Let b(i) = -153*i - 101. Suppose -20 = 4*s, -4*n - 6*s + 2*s = 44. What is the tens digit of b(n)?
1
Suppose 0 = -4*m - 20, -3*n + n = -3*m - 11. Let o = -2 - n. Suppose o = 4*f + 8, -3*x - 3*f + 5*f + 151 = 0. What is the tens digit of x?
4
Let t(o) = 2487*o**2 - 62*o + 339. What is the hundreds digit of t(6)?
4
Suppose -5*l + 3*m = -50972, -355*l + 351*l = 2*m - 40760. What is the hundreds digit of l?
1
Suppose -4*z + 3*p = -23, -16 = -4*z + 5*p + 1. Let u be (-1)/1 + (z - -3). Suppose -u*a = -8*a - 122. What is the units digit of a?
1
Suppose -3*g - 1091 = -s, 16 = -3*g + 4*s - 1081. What is the tens digit of (0 + g)/(3/(-3))?
6
Let u(m) = 29*m - 7. Let w be (-60)/15 - (-7 + 1). What is the units digit of u(w)?
1
Suppose 2*c - 6*c - 167176 = -2*y, 0 = 8*y - 5*c - 668616. What is the tens digit of y?
7
Suppose 0*d - 4*d + 16 = 0. Suppose -d*s - l - 4463 = -7*s, -2*l = s - 1483. What is the units digit of s?
7
Let r(y) = -8*y**3 - 2*y**2 - y. Let o = 32 + -34. Let g(j) = j**2 + 4*j + 3. Let u be g(o). What is the units digit of r(u)?
7
Let k(a) = 10*a**3 - 25*a**2 + 25*a. Let f be k(1). Suppose f*m + 71706 = 61*m. What is the units digit of m?
6
Suppose -486 + 186 = -5*q. Let n be ((-1)/(-9))/(10/q)*3. Suppose -n*c + 62 + 142 = 0. What is the units digit of c?
2
What is the units digit of (1 + (-1)/4)*(-2352336)/(-252)?
1
Let q = 125 - 117. What is the tens digit of ((-54)/q)/(21/(-224))?
7
Let z = 0 - -5. Suppose z*a = -26 + 1. Let w = a - -21. What is the tens digit of w?
1
Let j(n) = -18*n**3 + 22*n**2 + 2*n - 2. What is the thousands digit of j(-4)?
1
Let q(c) = c**3 - 10*c**2 + 8*c + 15. Let u be q(9). Let i be 20/u + (-26)/(-39). Let g(b) = 15*b + 21. What is the tens digit of g(i)?
8
Let c(u) = 2174*u + 528. What is the hundreds digit of c(13)?
7
Let l(w) = 5*w**2 - 13*w - 29. Let h(v) = v**2 + 10*v + 35. Let o be h(-6). What is the hundreds digit of l(o)?
4
Suppose 3020 = z + 3*u, 108*u = -3*z + 112*u + 9086. What is the units digit of z?
6
Suppose 138596 = 4*l + 3*b, -3*b + 59107 = 5*l - 114141. What is the thousands digit of l?
4
Let a be 3/39*-2 + (-122739)/(-39). Suppose 5*n + 828 = -a. What is the tens digit of n/(-20)*24/9?
0
Let x = 10 - -25. Suppose 5*v - x = 5*y, -26 = -3*v - 0*v + 2*y. Suppose 11*m + 10 = v*m. What is the units digit of m?
0
Let p be 1 + 1 + 0 + -1. Suppose 1509 = -32*j + 549. What is the units digit of (290/j)/(p/(-3))?
9
Let u(n) = 11*n**2 - 16*n + 36. Let c be u(-25). Suppose -c - 5964 = -5*r. What is the tens digit of 4/((-32)/(-6)) + r/60?
4
Suppose -3*c + 5*z = -152041, -3*z - 121179 + 19817 = -2*c. What is the units digit of c?
7
Suppose -s = h - 12265, -4*h - 10545 - 1740 = -s. What is the hundreds digit of s?
2
Let a be 16/(-2 + 4)*-1. Let q be -6*(-1)/a - 618/8. Let h = 145 + q. What is the units digit of h?
7
Let k(h) = -825*h + 5659. What is the thousands digit of k(-30)?
0
Let y = 166 - 159. Suppose 2*q = -4*f + y*f - 511, -696 = -4*f - q. What is the hundreds digit of f?
1
Suppose -46 = -2*o - 2*d + d, -3*o + 79 = 4*d. Let q(j) = -4*j - o + 2*j + 2 + 4*j. What is the units digit of q(18)?
7
Suppose -83*w = -37*w - 184874. What is the thousands digit of w?
4
Let t(k) = 3231*k - 42. What is the tens digit of t(2)?
2
Suppose 5*a = 2*l + 275418, -9*a - 94485 = -l - 590240. What is the units digit of a?
4
Suppose 0 = 5*a - 5*u + 21 + 4, 5*a = -u - 7. Let l be (-1)/(3/(-6)) - a. Suppose l*c - 130 = -c. What is the tens digit of c?
2
Suppose -8*s - 2*v + 39 - 7 = 0, -3*v = s - 15. Suppose 262 = 2*g + 3*t, -s*g - 4*t = -5*t - 415. What is the hundreds digit of g?
1
Let x(d) = 7*d - 23. Suppose -4*z = 4*k - 117 + 25, 0 = -3*k + 3*z + 93. What is the hundreds digit of x(k)?
1
Suppose 0 = 11*h + 577 + 1073. Let t = h + 369. What is the hundreds digit of t?
2
Suppose -f + z + 2540 = -5289, f + 5*z = 7835. What is the hundreds digit of f?
8
Suppose -s + 4*a + a = -312, a = -4*s + 1227. Let b = s - 158. What is the tens digit of b?
4
Let o = -11964 - -13183. What is the units digit of o?
9
Let t = 2756 - -2853. What is the units digit of t?
9
Let l(u) = u**2 - 11*u - 648. What is the tens digit of l(-39)?
0
Let c = 78 + -72. What is the units digit of c*15*(-6)/(-36)?
5
Let l(u) = u**3 - 53*u**2 - 345*u - 9. What is the tens digit of l(60)?
9
Suppose -2*x - 30 = -8*x. Suppose 29 = -x*n - 16. Let t(v) = -11*v - 10. What is the units digit of t(n)?
9
Let u be -1*(10/(-2) + -816). Let n = 1642 - u. What is the units digit of n?
1
What is the thousands digit of 4/(-24) + 271082/84?
3
Let c = 27310 + -17070. What is the tens digit of c?
4
Let s(c) = c**3 - 103*c**2 - 173*c - 418. What is the hundreds digit of s(106)?
9
Suppose 16*y = 12*y + 40. Let h(d) = d**2 - 13*d + 21. Let i be h(y). What is the tens digit of 3/i*-339 + -3?
1
Suppose 0 = 31*k - 771484 - 460590 + 244135. What is the thousands digit of k?
1
Let w(y) = 10*y + 36. Let n(q) = 8*q + 36. Let i(m) = 4*n(m) - 3*w(m). What is the tens digit of i(4)?
4
Suppose -2*c - 2256 = -8*c. Suppose 2*k - c = 2*s, 3*k + 6*s = 3*s + 558. What is the hundreds digit of k?
1
Suppose -2*l = 3*o + 824, 5*o - 4*l - 20 = -1430. Let t = -198 - o. What is the units digit of t?
0
What is the tens digit of 4*2383 - (-135)/(-45)*4/(-3)?
3
Let f = 293 + 3206. What is the tens digit of f?
9
Let f = 51 + -49. Let i(w) = -w**3 + 10*w**2 - 15*w + 2. Let k be i(8). Let b = f + k. What is the units digit of b?
2
Suppose 0 = -f + 5, 4*t - 9329 = -3*f + 9474. What is the hundreds digit of t?
6
Let y(w) = -w**2 + 23 + 9 + 20 - 26*w. What is the hundreds digit of y(-15)?
2
Suppose -7832*s = -7846*s + 588240 + 473338. What is the thousands digit of s?
5
What is the units digit of (472/(-80) + 6)*-10 - -43765?
4
Suppose 5*u = 0, 7*x + u - 128080 = 3*x - u. What is the ten thousands digit of x?
3
What is the ten thousands digit of 209412/8 - (-10)/20?
2
Let v be -1 + 8 + -3 + (-1 - 1). Let i(u) = -u**3 - 6*u**2 + 4*u - 1. Let s be i